5*p = 1. Calculate w(p).
7
Suppose 0 = 2*z - 2 - 2. Let j(g) = 2*g - g - 2*g + z*g. Give j(-6).
-6
Let u(h) = 8 + h + 3*h - 3*h. Let r be u(-7). Suppose 0 = m - r - 1. Let w(a) = 2*a**2 - a. Give w(m).
6
Let y be (-38)/(-14) + (-2)/(-7). Let a(c) = -c**2 + 2*c + 2. Calculate a(y).
-1
Let y(u) = -u**3 + 4*u**2 + 4*u - 6. Suppose -x = -0*x + 4*l - 12, 4*x = 3*l + 10. What is y(x)?
10
Let y(b) = b**2 - 1. Let z(q) = -6*q**2 - 6*q - 2. Let j(h) = 3*y(h) + z(h). Let k(t) = -16*t**2 - 29*t - 24. Let g(i) = 11*j(i) - 2*k(i). Determine g(-6).
5
Let s(h) = h**3 - 4*h**2 + h - 1. Let u be s(4). Let p(z) = 7*z**2 - 3*z + 5. Let a(k) = 6*k**2 - 3*k + 4. Let y(d) = -6*a(d) + 5*p(d). Give y(u).
1
Let x(g) = 2*g**2 + 3*g + 2. Suppose -4*a = -p + 14, p + 2 + 4 = -a. What is x(p)?
4
Suppose 0*b - 11 = -3*b - 5*m, 0 = -3*b - 4*m + 10. Let l(t) = b*t + 4 - 4*t + t. Give l(4).
0
Let i be 1*1/(1/2). Let j(l) = -3*l**3 + l - 2 + 3*l**i - 3*l + 2*l**3. Determine j(2).
-2
Let u(q) be the second derivative of -q**3/3 - 3*q**2/2 + 11*q. Give u(-7).
11
Let s(n) = 11*n. Let r(h) = -12*h. Let k(g) = 2*r(g) + 3*s(g). Let o = 18 - 16. Suppose 3*q + 18 = -2*i - o*q, 3*q + 12 = 0. What is k(i)?
9
Let y(n) = n**2 + 5. Let o(k) = k. Let q(t) = 6*o(t) - y(t). Let i(b) = -b + 1. Let d be i(-1). Suppose 0 = 2*a + d*z - 20, -4*a + 4*z = -0*z. Calculate q(a).
0
Let s be (-6)/(2 - 5) + 4. Suppose 4*h = -s + 22. Let z(x) = x - 4. Calculate z(h).
0
Let o be 2/4 - (-2)/(-4). Let b(c) = c**3 - c**2. Let y(x) = -3*x**3 + 5*x**2 - x + 5. Suppose m = 4 - 0. Let u(f) = m*b(f) + y(f). Determine u(o).
5
Let g = -66 - -64. Let q(c) = -9*c - 3. What is q(g)?
15
Let w be (-4 + (4 - 1))*-4. Let o(f) = -5*f - 1. Let v(d) = -2*d. Let t(k) = 2*k + 2. Let l be t(3). Let z(c) = l*v(c) - 3*o(c). What is z(w)?
-1
Let h be (-4)/(-1)*(-1 + 2). Let z(p) = -7*p - 9. Let w(d) = d + 1. Let t(k) = 6*w(k) + z(k). Calculate t(h).
-7
Let b = -2 - 3. Let d(t) = -2*t + 9. Let g(x) = -x + 4. Let l(c) = 3*d(c) - 7*g(c). Give l(b).
-6
Let r(l) = 6 - 4 + 5*l + 10*l - 14*l. Determine r(2).
4
Suppose -21 = -17*y + 183. Let a(x) = -x**2 + 11*x + 9. Give a(y).
-3
Let i(p) = p**3 - 8*p**2 + 4. Let v = 152 + -144. What is i(v)?
4
Let r(h) = 2*h + 6 + 5*h - 2 - 5*h. Let y(c) = -c - 1. Let f(t) = -r(t) - y(t). Suppose 4*l = 4*m + 4, l = 2*m - 0 + 1. Determine f(m).
-3
Let q(z) be the third derivative of -z**5/60 - z**4/24 + z**3/6 - z**2. Let s be (3/(-12))/(3/(-12)). What is q(s)?
-1
Suppose 6*i = 1 - 7. Let g(v) = -4*v**3 + 2*v**2 + 2*v + 3. Let l(q) = -4*q**3 + 3*q**2 + 3*q + 4. Let w(s) = 5*g(s) - 4*l(s). Give w(i).
3
Let l(c) = c. Let d(x) = x. Let j be d(2). Suppose -p = j*w - 10, 0 = -0*p + 4*p. Give l(w).
5
Let l(t) be the first derivative of -1 - 1/4*t**4 - 7/2*t**2 - 5*t - 7/3*t**3. Calculate l(-6).
1
Let g(f) = f**2 - 9*f + 1. Suppose 4*b - 30 = 3*o, 4*o - 5 = -b + 6*o. Determine g(b).
1
Let o(b) = -2*b - b**2 - 6*b - 2 - 5 + 0*b. Let w(d) = 2*d + 6. Let i be w(-6). Calculate o(i).
5
Let t(l) = -l**2 + l - 4. Let x = 32 - 32. What is t(x)?
-4
Let x(f) = 4*f**3 + 11*f. Let t(w) = 2*w**3 + 6*w. Let i(h) = 11*t(h) - 6*x(h). Let r = 11 + -12. Give i(r).
2
Let q(p) = -p**2 + 9*p - 9. Let t be q(8). Let s(k) = k. Calculate s(t).
-1
Suppose -j - 8 = j. Let w be ((-28)/(-49))/(j/(-14)). Let s(t) = -3 + 2*t + 0*t**2 - 3*t**2 + 2*t**2. Calculate s(w).
-3
Let r = 908 - 906. Let c(l) be the first derivative of l**4/4 - l**3/3 - l**2/2 - 2*l - 1. Determine c(r).
0
Let a(c) = -3*c**2 + 4*c - 5. Let i be a(3). Let k = -14 - i. Let d(w) = w**2 - 6*w - 2. What is d(k)?
-2
Suppose 2*c + 20 = 7*c. Suppose -3*u + c*u - 1 = 0. Let f(m) = -6*m + 1. Give f(u).
-5
Let b(i) be the second derivative of -i**8/6720 - i**7/360 - i**6/120 + i**5/120 + i**4/2 - 3*i. Let p(n) be the third derivative of b(n). Determine p(-6).
1
Let t(x) = 8*x + 0*x**2 - 2*x + x**2 + 5. Let u be t(-5). Suppose -2*b - 5*q = u, 0 = -b - b - q. Let r(z) = -z**2 - z + 9. What is r(b)?
9
Let y = -4 - 1. Let l(j) be the first derivative of -14*j**3/3 + 9*j**2 + 3*j + 4. Let s(u) = 5*u**2 - 6*u - 1. Let r(q) = -6*l(q) - 17*s(q). What is r(y)?
4
Let x = -25 + 22. Let b(m) = -m**3 - m**2 - 2*m - 4. What is b(x)?
20
Suppose -3*g + 7 + 2 = 0. Let l(u) be the second derivative of -3*u - 1/2*u**2 + 5/6*u**g + 0. Calculate l(1).
4
Let y be (0 - 3 - 0) + -12. Let q = y - -12. Let v(m) = 2*m + 4. Calculate v(q).
-2
Let o(b) = b**2 + 5*b - 7. Suppose -5*z - 30 - 10 = 0. Let i be 4/(-6) + z/(-3). Suppose c - 5 = i*c. What is o(c)?
-7
Suppose -4*z = -l - 83, -6 - 69 = -3*z + 5*l. Let v be (6/(-5))/((-6)/z). Let j be (3 - 1 - v) + -2. Let f(k) = k**2 + 5*k + 1. Calculate f(j).
-3
Let i be 3/(-2)*8/(-12). Let k(o) = 3*o - 5. Let j be k(4). Let m(a) = a - j*a**3 + 4*a**2 - 6*a**2 + 0*a. What is m(i)?
-8
Let t = 1 + 6. Suppose 22 = -5*m + t. Let v(j) = -2*j - 3. What is v(m)?
3
Let p(s) = -s + 0*s - 3*s - 2 + 3*s. What is p(-6)?
4
Let i(t) be the second derivative of 2*t**3/3 - 3*t**2/2 - 5*t. Calculate i(3).
9
Suppose -2*l + 6*l + 24 = 0. Let n(x) = 2*x + 6. What is n(l)?
-6
Suppose 5 + 3 = -2*k. Let d be k/(-6) - (-28)/12. Let l(h) = -h**2 + 2*h + 2. Calculate l(d).
-1
Let t(f) = -f**3 - 2*f**2 + 8*f**2 - 3*f - f**2 + 2 + 8*f. What is t(6)?
-4
Let p(n) be the second derivative of -n**4/24 - 2*n**3/3 - n**2/2 - n. Let y(a) be the first derivative of p(a). What is y(-2)?
-2
Let z(q) = q**2 - 4*q. Suppose -u - 6*u + 35 = 0. What is z(u)?
5
Let f be 6/4*((-80)/(-15))/8. Let t(r) = 7*r. Determine t(f).
7
Let p(t) = -7*t - 7. Let f(w) = 15*w + 15. Let s(z) = 6*f(z) + 13*p(z). Suppose 16 = 3*m + 1. Suppose -2*b = -3*d - m*b - 9, 5*d + 4*b = -13. Give s(d).
0
Let m(g) = 3*g**2 + g**2 - 5*g**2 - 2*g + 1 - 2*g**3 - 3*g**2. Calculate m(-2).
5
Let z(h) = -4*h - 1. Let f be -1 + 4 + (-10)/5. What is z(f)?
-5
Let k(a) = -a - 7*a + 3*a + 6*a. Determine k(-6).
-6
Let z(d) be the first derivative of d**2 - 2*d - 32. Calculate z(4).
6
Let k(v) = v**3 - v**2 - 1. Let x(d) = -11*d**3 + 5*d**2 + d + 6. Let q(n) = -5*k(n) - x(n). Suppose g - 3*r = -0*r + 11, r + 6 = -2*g. Calculate q(g).
-6
Let z(v) = -1 + 0*v + 2*v - 6 + 2*v + v**2. Calculate z(-5).
-2
Let k(t) = -7*t + 6*t - 1 - 4. Determine k(6).
-11
Let u(r) = -2*r**2 + 2*r - 1. Let x(z) = -z**2 + z - 1. Let j(n) = 2*u(n) - 5*x(n). Give j(4).
15
Let x = 4 - -2. Suppose -3 = 3*y + x. Let o(s) = s**2 + 2*s + 2. What is o(y)?
5
Let d = 69 + -69. Let r(n) = -n**3 - n**2 - n + 27. What is r(d)?
27
Let w(d) = -d**2. Let u(h) = -4*h**2 - 2*h - 1. Let r(y) = -u(y) + 5*w(y). Let n be 2/(-10) - 21/(-5). Suppose 0 = 2*s + c - n, 3*c = 5*s + 2*c - 10. Give r(s).
1
Let h(k) be the third derivative of 0*k + 1/24*k**4 + 0 + 1/3*k**3 + 6*k**2. Give h(-2).
0
Let p be (-1)/(1*1/(-2)). Let a(r) = -3*r + 2*r + r**p + r - 1. Give a(-3).
8
Let z(a) be the first derivative of 4*a + 2 + 2*a**2 - 1/3*a**3. What is z(5)?
-1
Let u(y) = y**2 + 15. Suppose -t = 2*t - 5*t. Give u(t).
15
Let a(b) = -b**2 - 6*b - 3. Suppose 0*m = 4*m + 3*o + 33, -5*m - 39 = 3*o. Give a(m).
-3
Let q(f) = f**3 - f**2 + f + 2. Suppose -7*r = -g - 2*r - 3, -g + 4*r = 2. What is q(g)?
8
Suppose -2*w + 13 = 3. Let u = 7 - w. Let z(n) = -n**2 + 3*n + 2*n**u - 3 + 7. Give z(-4).
8
Let c(m) = m. Let l be -3 - (-2 - (7 + 2)). Let v = -5 + l. Give c(v).
3
Let l(z) = z**3 + 1. Let b(s) = -2*s**3 + 3*s**2 + s - 4. Let h(y) = b(y) + 4*l(y). Suppose 0 = -5*f + 2*f - 6. Determine h(f).
-6
Let u(p) be the second derivative of -p**3/6 + 3*p**2/2 - 17*p. Calculate u(2).
1
Let d(p) = 4*p**2 + 0*p + 4 + p**3 - p - 2 - 1. Suppose -4*r - 16 = -0. Determine d(r).
5
Let l(u) = -u**3 - 5*u**2 + 6*u + 5. Suppose 0 = -4*i + 3*i + 3*f - 33, 3*f = -5*i - 75. Let c be i/(-24) + (-54)/8. Calculate l(c).
5
Let z(h) = -h**2 + h + 2. Let f be z(0). Suppose d - 4 = -3. Let q(j) = -5*j**f + j - 4*j - j**3 - j - d. What is q(-3)?
-7
Let t = -1 + -7. Let a be 2/t + 42/8. Let m(p) = -2*p + 6. What is m(a)?
-4
Let h(c) = -c. Let n = 1 + -5. Let z be -3*3/(n - -1). Suppose -2*y - 2*q + 6 = -z*q, -3*y - 2*q = -2. Determine h(y).
-2
Let g be 1/1*-3 - -5. Let t(x) = -3*x + 3*x - 3*x - x**g. Give t(-2).
2
Let h(g) = -7 + 4 - 21*g + 19 - 13*g**2. Let c(s) = -7*s**2 - 11*s + 8. Let f(b) = 11*c(b) - 6*h(b). Calculate f(-7).
6
Let h(m) = 5*m**3 - 